129, -z + 4*g + 0*g = -43. Suppose 5 + z = 2*s. What is the remainder when 70 is divided by s?
22
What is the remainder when 206 is divided by 5/((-5)/(-25)*(-35)/14 - -1)?
6
Let y(r) = r**3 + 3*r**2 - 10*r + 13. Let s = 414 + -409. Calculate the remainder when y(s) is divided by 82.
81
Suppose -161*h - 265*h + 615996 = 0. What is the remainder when h is divided by 7?
4
Let d(b) = b**3 + 5*b**2 - 7. Let s(v) = -v**2 - 30*v - 85. Let u be s(-27). Calculate the remainder when 23 is divided by d(u).
5
Suppose 3*b - 57 = 2*w + 8*b, 2*b = -5*w - 90. What is the remainder when -36*12/w - 7 is divided by (6/(-9))/(4/(-66))?
9
Suppose -3*b = 4*x - 1, 0*b + 3*b - 15 = 3*x. Let r(z) = -62*z - 675. What is the remainder when x/(-8) - (-504)/32 is divided by r(-11)?
2
Suppose 2*r = 2*u, -2*u = 2*r - 2 - 14. Let t = 275 + -248. What is the remainder when t is divided by r?
3
Let u = 52 + -38. Suppose -794 = -u*z + 46. What is the remainder when z is divided by 31?
29
What is the remainder when 811 is divided by 15*7/(-42) - (-147)/6?
19
Suppose 0 = 3*f + 3*j - 108, 3*f - 4*j + 86 = 222. Let p be (-78)/65*f/(-6). Let y = 32 - p. Calculate the remainder when 94 is divided by y.
22
Let a = -9 + 21. Calculate the remainder when (-8184)/217 + 38 - 960/(-21) is divided by a.
10
Let o = 4955 + -4884. Calculate the remainder when 531 is divided by o.
34
Suppose 0 = -196*o + 210*o - 4452. Let k = o + -314. What is the remainder when 94 is divided by k?
2
Suppose -14*h + 183 = -167. Suppose h*z - 159 = 6266. Calculate the remainder when z is divided by 37.
35
Suppose 0 = 3*l + 15 - 21. Suppose 0*p - x + 263 = 3*p, -l*p - 5*x = -158. What is the remainder when p is divided by 30?
29
Let z(g) = -787*g + 299. What is the remainder when z(-2) is divided by 157?
146
Suppose -4*y + 136*g = 135*g - 530, y - 3*g - 116 = 0. Calculate the remainder when 447 is divided by y.
45
Suppose 0 = 4*x - 3*r - 1952, 3*x + 35*r - 1477 = 34*r. Calculate the remainder when x is divided by 168.
155
Suppose -2*q = 8*k - 272, 3*q = -328*k + 324*k + 440. What is the remainder when q is divided by 83?
69
Suppose 8*f + 93 = 29. Let d(o) = -37*o - 85. What is the remainder when d(f) is divided by 53?
52
Let d(k) = 4*k**2 + 56*k - 263. Suppose 2*n + 58 = n. Let q = -9 - n. Calculate the remainder when q is divided by d(-18).
24
Suppose -3*l - u + 958 = 0, -2*l - 5*u + 380 = -276. Calculate the remainder when l is divided by 64.
62
Let b = -4737 + 5351. Calculate the remainder when b is divided by 213.
188
Let j(z) = z**3 + 6*z**2 - 20*z - 33. Calculate the remainder when j(4) is divided by 45.
2
Suppose -21*g + 92 = -286. Let n = 4 + -1. Calculate the remainder when (4 + (-3)/n)*29 is divided by g.
15
Let k(z) = 2*z - 4. Let v(q) = -q**2 - 15*q + 6. Let i(f) = -3*f - 15. Let s be i(0). Let a be v(s). Calculate the remainder when 30 is divided by k(a).
6
Let q = 173 + -122. Suppose 6160*y - 6056*y - 10296 = 0. What is the remainder when y is divided by q?
48
Suppose 3*i - 14 = i. Suppose -5*t = -i*t + 20. What is the remainder when (-13)/(1 + (-12)/8) is divided by t?
6
Suppose 2*a + 7*f = 6*f + 769, 2*f + 1150 = 3*a. Suppose 0 = -14*t - 10*t + a. Calculate the remainder when 159 is divided by t.
15
Let u = -259 + 249. Suppose 0*g - 4*z + 50 = 2*g, 3*g - 3*z = 30. What is the remainder when (308/(-35))/(2/u) is divided by g?
14
Suppose -h = m - 2*m + 52, 6 = -3*h. Suppose 3*v - 15 = -3*i, -4*v = -i + 2 + 18. What is the remainder when m is divided by i?
2
Let c = -5461 + 5609. What is the remainder when 11542 is divided by c?
146
Calculate the remainder when 877 is divided by 35 + 10*(-15)/75*(-10)/4.
37
Suppose -j - 2 = 0, -7*t + j = -5*t - 28. Let l(a) = 2*a**2 - 10*a + 9. What is the remainder when l(6) is divided by t?
8
Suppose 39*l - 4488 = 45509 - 6473. What is the remainder when l is divided by 40?
36
Suppose 4*i = 9*i + 4*z - 4332, -4*i + 4*z + 3480 = 0. What is the remainder when i is divided by 79?
78
Calculate the remainder when 214 is divided by ((-73)/5)/(12 + (17 - 876/30)).
68
Let g = 1793 - 1742. Calculate the remainder when 229 is divided by g.
25
Let g = -5 - -23. Let z(c) = c + 3. Let n be z(-1). Suppose -4*t + 3*q = -228 - 50, 0 = n*t - 5*q - 146. What is the remainder when t is divided by g?
14
Suppose 3*q - 3*g + 15 = 3, 0 = -2*q - g + 7. What is the remainder when 36 is divided by q*(21 - -2) + -1?
14
Let h(l) = 20*l + 48. Let u be h(-4). Let i = 41 + u. What is the remainder when i is divided by 6?
3
Let s(z) = -30 - 158 - 48 - 10 + 20 - 47*z. Calculate the remainder when 139 is divided by s(-5).
4
Let i be -4*(1 - (-2219)/(-28)). Suppose -4*g + 227 = -4*b - 9, -4*b = 5*g - i. What is the remainder when g is divided by 18?
7
Let f = -438956 + 439046. Calculate the remainder when f is divided by 2/6 + 32/3.
2
Let z be ((-539)/14)/((-1)/2). Let h = z - 57. Calculate the remainder when h is divided by 6.
2
Let g(r) = -99*r + 17*r + 45*r + 89. Calculate the remainder when g(-6) is divided by 79.
74
Let g(r) = -r**2 - 49*r + 116. What is the remainder when (-2)/(-7) - 948/(-14) is divided by g(2)?
12
Let b be (8/(-18))/((-8)/36). Suppose 0 = -b*l + 93 - 1. Calculate the remainder when 367 is divided by l.
45
Suppose 0 = 3*n - 3*o - 1110, -5*o - 1275 = -8*n + 1700. What is the remainder when n is divided by 64?
55
Suppose 3*i = 4*g - 256, -4*i = 4*g - 6*g + 118. Suppose -20379 = -3380*z + 9422 + 22940 + 11479. Calculate the remainder when g is divided by z.
10
Let j = 291 + -715. Let m = j + 439. What is the remainder when 56 is divided by m?
11
Calculate the remainder when (-44 + 45)*(-435)/(-5) is divided by 27.
6
Let u(c) = c**3 - 12*c**2 + 18*c - 19. Let f(g) = g**2 + 6*g - 3. Let v be f(-8). Calculate the remainder when u(v) is divided by 55.
54
Suppose -245*k + 175 = -277*k + 751. Suppose -21 = -3*n + 3*q + 9, n = -q + 6. Suppose -7 = -3*l + n. What is the remainder when k is divided by l?
3
Suppose -y = 5*h - 2*h - 5146, 0 = -h - 4*y + 1719. Suppose -11*q + 23 = -h. What is the remainder when q is divided by 82?
76
Let w(a) = -20*a + 7. Calculate the remainder when 1475 is divided by w(0).
5
Let k be (-3 - -1*18) + 2 + -7. Suppose 0 = -3*f + u + 169, k*f = 7*f - 3*u + 153. Calculate the remainder when 164 is divided by f.
54
Suppose -17*f + 23*f = 1080. Suppose -f = -34*v + 29*v. What is the remainder when 61 is divided by v?
25
Suppose 239 = 5*m - 46. Let z = m - 33. Suppose 8*n + z = 64. Calculate the remainder when 17 is divided by n.
2
Suppose 3*j - 1224 = -14*j. Suppose 66*u = j*u - 408. What is the remainder when u is divided by 38?
30
Let k(o) = -o**3 + 31*o**2 - 113*o - 625. Calculate the remainder when 644 is divided by k(25).
44
Let f be 1*(-3 - (-6)/2). Suppose -12*a + 427 = 67. Suppose -a + f = -y. What is the remainder when y is divided by 8?
6
Let z be (-10)/(30/6)*-250. Let y = z + 309. Calculate the remainder when y is divided by 29.
26
Let x = -229 - -658. What is the remainder when x is divided by 50?
29
Let q(h) = -h**3 + 27*h**2 + 46*h + 389. What is the remainder when q(29) is divided by (26 + -2)*(1 - 0)?
17
Suppose -45*l = -19*l - 546. Suppose 0 = l*u - 13*u - 376. Calculate the remainder when u is divided by 11.
3
Calculate the remainder when 8468 is divided by (-73)/(-365) + (1 - (-1198)/10).
119
Let v(f) = -5*f**3 + 178*f**2 + 86*f + 8. Calculate the remainder when v(36) is divided by 147.
71
Suppose 5*t = -v + 708, -4*t + 570 = -4*v + 3*v. Let r = -1657 + 1693. What is the remainder when t is divided by r?
34
Calculate the remainder when 171/(3 - (-180)/(-70)) is divided by 206.
193
Let s = -4993 + 5031. What is the remainder when s is divided by 14?
10
Suppose 0 = 8*r - 6*r - 390. What is the remainder when r is divided by 101?
94
Let m(h) be the third derivative of -h**6/60 + h**5/4 + 7*h**4/12 + 5*h**3/6 - h**2 + 40. What is the remainder when 109 is divided by m(8)?
3
Let p be ((-6)/16*-4)/(39/33904). Suppose 0 = 30*y - p - 2386. Calculate the remainder when y is divided by 26.
19
Let r be 3 + 5/(20/36). Let a be r + 1 + -2 - 2. Suppose -10*v + a*v = -37. Calculate the remainder when v is divided by 20.
17
Suppose 0 = -2*d + 16 + 6. Suppose -4*f + 2*w + 162 = 0, 2*w + 10 = 12. What is the remainder when f is divided by d?
8
Suppose -854